{"id":2919,"date":"2024-12-23T13:05:57","date_gmt":"2024-12-23T13:05:57","guid":{"rendered":"https:\/\/naghmouche.com\/?page_id=2919"},"modified":"2025-11-18T10:49:58","modified_gmt":"2025-11-18T10:49:58","slug":"des-realisations-significatives-et-des-defis-constants","status":"publish","type":"page","link":"https:\/\/naghmouche.com\/?page_id=2919","title":{"rendered":"Des r\u00e9alisations significatives et des d\u00e9fis constants"},"content":{"rendered":"\t\t<div data-elementor-type=\"wp-page\" data-elementor-id=\"2919\" class=\"elementor elementor-2919\">\n\t\t\t\t<div class=\"elementor-element elementor-element-70f7ef1 e-grid e-con-boxed e-con e-parent\" data-id=\"70f7ef1\" data-element_type=\"container\" data-e-type=\"container\">\n\t\t\t\t\t<div class=\"e-con-inner\">\n\t\t\t\t<div class=\"elementor-element elementor-element-8629f94 elementor-widget elementor-widget-heading\" data-id=\"8629f94\" data-element_type=\"widget\" data-e-type=\"widget\" data-widget_type=\"heading.default\">\n\t\t\t\t<div class=\"elementor-widget-container\">\n\t\t\t\t\t<h2 class=\"elementor-heading-title elementor-size-default\">Collaboration avec des \u00e9quipes pluridisciplinaires<\/h2>\t\t\t\t<\/div>\n\t\t\t\t<\/div>\n\t\t\t\t\t<\/div>\n\t\t\t\t<\/div>\n\t\t<div class=\"elementor-element elementor-element-d4ecb18 e-grid e-con-boxed e-con e-parent\" data-id=\"d4ecb18\" data-element_type=\"container\" data-e-type=\"container\">\n\t\t\t\t\t<div class=\"e-con-inner\">\n\t\t\t\t<div class=\"elementor-element elementor-element-2be2dbf elementor-widget elementor-widget-image\" data-id=\"2be2dbf\" data-element_type=\"widget\" data-e-type=\"widget\" data-widget_type=\"image.default\">\n\t\t\t\t<div class=\"elementor-widget-container\">\n\t\t\t\t\t\t\t\t\t\t\t\t<figure class=\"wp-caption\">\n\t\t\t\t\t\t\t\t\t\t<img fetchpriority=\"high\" decoding=\"async\" width=\"768\" height=\"768\" src=\"https:\/\/naghmouche.com\/wp-content\/uploads\/2025\/01\/02-768x768.jpg\" class=\"attachment-medium_large size-medium_large wp-image-3036\" alt=\"\" srcset=\"https:\/\/naghmouche.com\/wp-content\/uploads\/2025\/01\/02-768x768.jpg 768w, https:\/\/naghmouche.com\/wp-content\/uploads\/2025\/01\/02-300x300.jpg 300w, https:\/\/naghmouche.com\/wp-content\/uploads\/2025\/01\/02-1024x1024.jpg 1024w, https:\/\/naghmouche.com\/wp-content\/uploads\/2025\/01\/02-150x150.jpg 150w, https:\/\/naghmouche.com\/wp-content\/uploads\/2025\/01\/02.jpg 1080w\" sizes=\"(max-width: 768px) 100vw, 768px\" \/>\t\t\t\t\t\t\t\t\t\t\t<figcaption class=\"widget-image-caption wp-caption-text\"><\/figcaption>\n\t\t\t\t\t\t\t\t\t\t<\/figure>\n\t\t\t\t\t\t\t\t\t<\/div>\n\t\t\t\t<\/div>\n\t\t\t\t\t<\/div>\n\t\t\t\t<\/div>\n\t\t<div class=\"elementor-element elementor-element-ed4e709 e-grid e-con-boxed e-con e-parent\" data-id=\"ed4e709\" data-element_type=\"container\" data-e-type=\"container\">\n\t\t\t\t\t<div class=\"e-con-inner\">\n\t\t\t\t<div class=\"elementor-element elementor-element-9392b4b elementor-widget elementor-widget-text-editor\" data-id=\"9392b4b\" data-element_type=\"widget\" data-e-type=\"widget\" data-widget_type=\"text-editor.default\">\n\t\t\t\t<div class=\"elementor-widget-container\">\n\t\t\t\t\t\t\t\t\t<p><span style=\"color: #000000;\">Depuis plusieurs ann\u00e9es, je collabore activement avec des \u00e9quipes compos\u00e9es de personnalit\u00e9s publiques et politiques, d\u2019avocats, de m\u00e9decins, d\u2019enseignants, d\u2019\u00e9lus, d\u2019entrepreneurs et de b\u00e9n\u00e9voles. Gr\u00e2ce \u00e0 ces synergies et au soutien pr\u00e9cieux des institutions alg\u00e9riennes, nous avons men\u00e9 \u00e0 bien de nombreuses actions concr\u00e8tes dans des domaines vari\u00e9s.<\/span><\/p>\t\t\t\t\t\t\t\t<\/div>\n\t\t\t\t<\/div>\n\t\t\t\t\t<\/div>\n\t\t\t\t<\/div>\n\t\t<div class=\"elementor-element elementor-element-b37d365 e-grid e-con-boxed e-con e-parent\" data-id=\"b37d365\" data-element_type=\"container\" data-e-type=\"container\">\n\t\t\t\t\t<div class=\"e-con-inner\">\n\t\t\t\t<div class=\"elementor-element elementor-element-16e991d elementor-widget elementor-widget-html\" data-id=\"16e991d\" data-element_type=\"widget\" data-e-type=\"widget\" data-widget_type=\"html.default\">\n\t\t\t\t<div class=\"elementor-widget-container\">\n\t\t\t\t\t<style>\r\n\/* Style de la liste non ordonn\u00e9e *\/\r\nul.force-list {\r\n  padding-left: 0;\r\n  margin: 10px 0 20px 0; \/* Ajout d'une marge en bas pour espacer la section *\/\r\n  font-family: \"Epilogue\", sans-serif !important;\r\n  font-size: 16px;\r\n  color: #000;\r\n  list-style: none; \/* Important: enl\u00e8ve la puce par d\u00e9faut du navigateur *\/\r\n}\r\n\r\n\/* Style de chaque \u00e9l\u00e9ment de la liste *\/\r\nul.force-list li {\r\n  position: relative;\r\n  padding-left: 20px;\r\n  margin-bottom: 8px;\r\n  display: block;\r\n  font-family: \"Epilogue\", sans-serif !important;\r\n  font-size: 16px;\r\n  color: #000;\r\n  text-align: justify; \/* Aligne le texte des \u00e9l\u00e9ments de la liste *\/\r\n}\r\n\r\n\/* Pseudo-\u00e9l\u00e9ment pour cr\u00e9er la puce personnalis\u00e9e *\/\r\nul.force-list li::before {\r\n  content: \"\u2022\"; \/* Le caract\u00e8re de puce *\/\r\n  position: absolute;\r\n  left: 0;\r\n  \/* Correction : top: 0; est remplac\u00e9 par un ajustement pour un meilleur alignement vertical *\/\r\n  top: -5px; \/* Ajuste la position verticale du point *\/\r\n  color: #000;\r\n  font-size: 30px; \/* Taille plus grande pour la puce *\/\r\n  line-height: 1;\r\n}\r\n\r\n\/* Correction du s\u00e9lecteur CSS mal form\u00e9 qui \u00e9tait dans votre code *\/\r\n.xt-align {\r\n  text-align: justify;\r\n}\r\n<\/style>\r\n\r\n<p style=\"font-size: 16px; color: #000;\" >\r\n<b>Collaboration avec des \u00e9quipes pluridisciplinaires<\/b><br>\r\nDepuis plusieurs ann\u00e9es, je collabore activement avec des \u00e9quipes compos\u00e9es de personnalit\u00e9s publiques et politiques, d\u2019avocats, de m\u00e9decins, d\u2019enseignants, d\u2019\u00e9lus, d\u2019entrepreneurs et de b\u00e9n\u00e9voles. Gr\u00e2ce \u00e0 ces synergies et au soutien pr\u00e9cieux des institutions alg\u00e9riennes, nous avons men\u00e9 \u00e0 bien de nombreuses actions concr\u00e8tes dans des domaines vari\u00e9s.<br>\r\n<b>Engagement dans la soci\u00e9t\u00e9 civile et humanitaire<\/b><br>\r\n\r\n<p style=\"font-size: 16px; color: #000;text-align: justify;padding-left: 40px;\">L\u2019Organisation Solidarit\u00e9 Humanit\u00e9 Internationale (OSHI) est une organisation non gouvernementale fond\u00e9e en avril 2021, issue de l\u2019\u00e9volution naturelle de la premi\u00e8re association \u00ab Le Jeune Libre \u00bb, cr\u00e9\u00e9e en 2014. Elle est devenue \u00abSolidarit\u00e9 Humanit\u00e9 de France\u00bb en 2018, qui, en avril 2021, a \u00e9volu\u00e9 en \u00abOrganisation Solidarit\u00e9 Humanit\u00e9 Internationale\u00bb (OSHI), gr\u00e2ce \u00e0 son \u0153uvre aux niveaux national et international. Cette premi\u00e8re initiative est n\u00e9e de la volont\u00e9 d\u2019un jeune homme d\u00e9termin\u00e9, M. NAGHMOUCHE Chazil Athmane, fervent activiste international et d\u00e9fenseur des droits des \u00e9trangers.<br><br>\r\nL\u2019engagement de M. NAGHMOUCHE trouve ses racines dans son propre parcours, marqu\u00e9 par des \u00e9preuves personnelles particuli\u00e8rement douloureuses. Confront\u00e9 d\u00e8s son plus jeune \u00e2ge \u00e0 la lenteur et \u00e0 la complexit\u00e9 de l\u2019administration fran\u00e7aise, il a vite compris l\u2019urgence d\u2019apporter un soutien concret \u00e0 celles et ceux qui, souvent livr\u00e9s \u00e0 eux-m\u00eames, peinent \u00e0 faire valoir leurs droits. Cette prise de conscience s\u2019est intensifi\u00e9e \u00e0 travers des trag\u00e9dies personnelles : la perte de sa jeune s\u0153ur \u00e2g\u00e9e de 13 ans, de son p\u00e8re et de sa belle-s\u0153ur \u2013 tous trois emport\u00e9s par de lourdes pathologies, faute de moyens ad\u00e9quats pour leur prise en charge. \u00c0 cela s\u2019est ajout\u00e9 un grave accident dont il a \u00e9t\u00e9 victime en 2015.<br><br>\r\nCes drames ont forg\u00e9 sa d\u00e9termination et ont donn\u00e9 naissance, en 2014, \u00e0 l\u2019association \u00ab Le Jeune Libre \u00bb, port\u00e9e par l\u2019\u00e9nergie de ses b\u00e9n\u00e9voles et le soutien de donateurs engag\u00e9s. Forte de cette premi\u00e8re exp\u00e9rience associative, OSHI a vu le jour en 2021 pour \u00e9largir son champ d\u2019action et r\u00e9pondre de mani\u00e8re plus structur\u00e9e et professionnelle aux besoins des personnes en d\u00e9tresse.<br><br>\r\nAutour de M. NAGHMOUCHE se sont progressivement ralli\u00e9s des personnalit\u00e9s et des professionnels issus de divers horizons \u2013 scientifique, culturel, m\u00e9dical, social, juridique et commercial \u2013 ainsi que de nombreux bienfaiteurs et volontaires, unis par la m\u00eame volont\u00e9 : d\u00e9fendre la dignit\u00e9 humaine et offrir un accompagnement global, solidaire et bienveillant \u00e0 ceux qui en ont le plus besoin.<br>\r\n<\/p>\r\n<p style=\"font-size: 16px; color: #000; text-align: justify;\"><b>Engagement \u00e9lectoral aux c\u00f4t\u00e9s de l\u2019ANIE<\/b><br><\/p>\r\n<p style=\"font-size: 16px; color: #000; text-align: justify;\">J\u2019ai eu l\u2019honneur de b\u00e9n\u00e9ficier de la confiance de l\u2019Autorit\u00e9 Nationale Ind\u00e9pendante des \u00c9lections (ANIE) lors de quatre grands rendez-vous \u00e9lectoraux :\r\n<br><\/p>\r\n\r\n<ul class=\"force-list\">\r\n  <li>\u00c9lection pr\u00e9sidentielle de 2019<\/li>\r\n  <li>R\u00e9vision constitutionnelle de 2020<\/li>\r\n  <li>\u00c9lections l\u00e9gislatives de 2021<\/li>\r\n  <li>\u00c9lection pr\u00e9sidentielle de 2024<\/li>\r\n<\/ul>\r\n<br>\r\n<p style=\"font-size: 16px; color: #000; text-align: justify;\">\r\nEn tant que d\u00e9l\u00e9gu\u00e9 de L'Autorit\u00e9 nationale ind\u00e9pendante des \u00e9lections, ma mission consiste \u00e0 g\u00e9rer toutes les \u00e9tapes du processus \u00e9lectoral \u00e0 partir de la pr\u00e9paration des \u00e9lections jusqu'\u00e0 la proclamation des r\u00e9sultats m\u2019a permis de d\u00e9velopper une solide expertise en mati\u00e8re de coordination et de logistique \u00e9lectorale. J\u2019ai ainsi pu mesurer l\u2019importance strat\u00e9gique de l\u2019ANIE dans le renforcement de la d\u00e9mocratie et la garantie de l\u2019int\u00e9grit\u00e9 des scrutins.\r\n<\/p><br>\r\n<p style=\"font-size: 16px; color: #000; text-align: justify;\"><b>\r\nParcours acad\u00e9mique<\/b><br><\/p>\r\n\r\n\r\n<ul class=\"force-list\">\r\n  <li>Dipl\u00f4m\u00e9 d\u2019un master professionnel en droit international et relations diplomatiques et consulaires, avec un m\u00e9moire portant sur :<br>\r\n<i> \u00ab Les d\u00e9fis juridiques internationaux dans la lutte contre la cyber criminalit\u00e9 transfrontali\u00e8re \u00bb<\/i>.contemporains et des d\u00e9fis \u00e0 venir dans le domaine du droit international.<\/li>\r\n   \r\n<\/ul>\r\n\r\n<p style=\"font-size: 16px; color: #000; text-align: justify;\"><b>Conclusion et engagement futur<\/b><br><\/p>\r\n<p style=\"font-size: 16px; color: #000; text-align: justify;\">Mon parcours professionnel et associatif, enrichi par une solide expertise juridique et \r\n Cette formation m\u2019a permis d\u2019acqu\u00e9rir une vision globale des enjeux organisationnelle, refl\u00e8te un engagement profond et constant au service de l\u2019int\u00e9r\u00eat collectif. \u00c0 travers mes actions dans les domaines social, juridique, institutionnel et humanitaire, j\u2019ai toujours \u0153uvr\u00e9 avec conviction pour la d\u00e9fense des droits, l\u2019accompagnement des plus vuln\u00e9rables et le renforcement des structures d\u2019utilit\u00e9 publique. C\u2019est avec cette m\u00eame d\u00e9termination que je souhaite aujourd\u2019hui mettre mes comp\u00e9tences, mon exp\u00e9rience et mon d\u00e9vouement au service des institutions et de la soci\u00e9t\u00e9 civile.\r\n<\/p>\t\t\t\t<\/div>\n\t\t\t\t<\/div>\n\t\t\t\t\t<\/div>\n\t\t\t\t<\/div>\n\t\t<div class=\"elementor-element elementor-element-d6b0f1b e-grid e-con-boxed e-con e-parent\" data-id=\"d6b0f1b\" data-element_type=\"container\" data-e-type=\"container\">\n\t\t\t\t\t<div class=\"e-con-inner\">\n\t\t\t\t<div class=\"elementor-element elementor-element-d0c3fe4 elementor-widget elementor-widget-safety_cta\" data-id=\"d0c3fe4\" data-element_type=\"widget\" data-e-type=\"widget\" data-widget_type=\"safety_cta.default\">\n\t\t\t\t<div class=\"elementor-widget-container\">\n\t\t\t\t\t\n\n\t\t<section class=\"hm2-safety-section\">\n\t\t\t<div class=\"auto-container\">\n\t\t\t\t<!-- hm2 Sec Title -->\n\t\t\t\t<div class=\"title-box centered train-with\">\n\t\t\t\t\t\t\t\t\t\t\t\t\t\t\t\t\t\t\t<\/div>\n\t\t\t<\/div>\n\n\t\t\t\t\t<\/section>\n\n\t\t\t\t<\/div>\n\t\t\t\t<\/div>\n\t\t\t\t\t<\/div>\n\t\t\t\t<\/div>\n\t\t\t\t<section class=\"elementor-section elementor-top-section elementor-element elementor-element-451ed13 elementor-section-full_width elementor-section-stretched elementor-section-height-default elementor-section-height-default\" data-id=\"451ed13\" data-element_type=\"section\" data-e-type=\"section\" data-settings=\"{&quot;stretch_section&quot;:&quot;section-stretched&quot;}\">\n\t\t\t\t\t\t<div class=\"elementor-container elementor-column-gap-no\">\n\t\t\t\t\t<div class=\"elementor-column elementor-col-100 elementor-top-column elementor-element elementor-element-518ad63\" data-id=\"518ad63\" data-element_type=\"column\" data-e-type=\"column\">\n\t\t\t<div class=\"elementor-widget-wrap elementor-element-populated\">\n\t\t\t\t\t\t<div class=\"elementor-element elementor-element-4343b8a elementor-widget elementor-widget-campaign_grid\" data-id=\"4343b8a\" data-element_type=\"widget\" data-e-type=\"widget\" data-widget_type=\"campaign_grid.default\">\n\t\t\t\t<div class=\"elementor-widget-container\">\n\t\t\t\t\t\n\n    <section class=\"hm2-operation-section\">\n\t\t<div class=\"auto-container\"><div class=\"heading\"><p>Actions dans le monde<\/p><h2>Campagnes<\/h2>\n\t\t\t<\/div>\n\t\t\t\n            <div class=\"row clearfix\">\t\n\t\t\t\t\n\t\t\t\t\t\t\t\t<div class=\"hm2-operate-block col-lg-4 col-md-6 col-sm-12\">\n\t\t\t\t\t\t\t\t\t<div class=\"inner-box\">\n\t\t\t\t\t\t\t\t\t\t<div class=\"image\">\n\t\t\t\t\t\t\t\t\t\t\t<a href=\"https:\/\/naghmouche.com\/?campaign=powering-change-your-donation-shapes-our-future-2\"><img decoding=\"async\" src=\"https:\/\/naghmouche.com\/wp-content\/uploads\/bfi_thumb\/photo1-rexklqjoca3x2qdyo03bulbfd9atcu26lh86pntep4.jpg\" alt=\"Donation Campaign\" \/><\/a>\n\t\t\t\t\t\t\t\t\t\t<\/div>\n\t\t\t\t\t\t\t\t\t\t<div class=\"lower-content\">\n\t\t\t\t\t\t\t\t\t\t\t<div class=\"post-date\">La campagne est termin\u00e9e<\/div>\n\t\t\t\t\t\t\t\t\t\t\t<h4><a href=\"https:\/\/naghmouche.com\/?campaign=powering-change-your-donation-shapes-our-future-2\">Alimenter le changement : votre don fa\u00e7onne notre avenir<\/a><\/h4>\n\t\t\t\t\t\t\t\t\t\t\t<div class=\"post-info\">&#36;1,250.00 <span><i class=\"icon fa fa-heart\"><\/i>Donation Raised<\/span><\/div>\n\t\t\t\t\t\t\t\t\t\t<\/div>\n\t\t\t\t\t\t\t\t\t<\/div>\n\t\t\t\t\t\t\t\t<\/div>\t\n\t\t\t\t\n\t\t\t\t\t\t\t\t<div class=\"hm2-operate-block col-lg-4 col-md-6 col-sm-12\">\n\t\t\t\t\t\t\t\t\t<div class=\"inner-box\">\n\t\t\t\t\t\t\t\t\t\t<div class=\"image\">\n\t\t\t\t\t\t\t\t\t\t\t<a href=\"https:\/\/naghmouche.com\/?campaign=fueling-democracy-contribute-to-campaign-today\"><img decoding=\"async\" src=\"https:\/\/naghmouche.com\/wp-content\/uploads\/bfi_thumb\/photo2-rexklqjoca3x2qdyo03bulbfd9atcu26lh86pntep4.jpg\" alt=\"Donation Campaign\" \/><\/a>\n\t\t\t\t\t\t\t\t\t\t<\/div>\n\t\t\t\t\t\t\t\t\t\t<div class=\"lower-content\">\n\t\t\t\t\t\t\t\t\t\t\t<div class=\"post-date\">La campagne est termin\u00e9e<\/div>\n\t\t\t\t\t\t\t\t\t\t\t<h4><a href=\"https:\/\/naghmouche.com\/?campaign=fueling-democracy-contribute-to-campaign-today\">Alimenter la d\u00e9mocratie\u00a0: contribuez \u00e0 la campagne d\u00e8s aujourd&#8217;hui<\/a><\/h4>\n\t\t\t\t\t\t\t\t\t\t\t<div class=\"post-info\">&#36;1,750.00 <span><i class=\"icon fa fa-heart\"><\/i>Donation Raised<\/span><\/div>\n\t\t\t\t\t\t\t\t\t\t<\/div>\n\t\t\t\t\t\t\t\t\t<\/div>\n\t\t\t\t\t\t\t\t<\/div>\t\n\t\t\t\t\n\t\t\t\t\t\t\t\t<div class=\"hm2-operate-block col-lg-4 col-md-6 col-sm-12\">\n\t\t\t\t\t\t\t\t\t<div class=\"inner-box\">\n\t\t\t\t\t\t\t\t\t\t<div class=\"image\">\n\t\t\t\t\t\t\t\t\t\t\t<a href=\"https:\/\/naghmouche.com\/?campaign=championing-values-join-the-donor-circle-for-elections\"><img decoding=\"async\" src=\"https:\/\/naghmouche.com\/wp-content\/uploads\/bfi_thumb\/photo3-rexklqjoca3x2qdyo03bulbfd9atcu26lh86pntep4.jpg\" alt=\"Donation Campaign\" \/><\/a>\n\t\t\t\t\t\t\t\t\t\t<\/div>\n\t\t\t\t\t\t\t\t\t\t<div class=\"lower-content\">\n\t\t\t\t\t\t\t\t\t\t\t<div class=\"post-date\">La campagne est termin\u00e9e<\/div>\n\t\t\t\t\t\t\t\t\t\t\t<h4><a href=\"https:\/\/naghmouche.com\/?campaign=championing-values-join-the-donor-circle-for-elections\">D\u00e9fendre les valeurs\u00a0: rejoignez le cercle des donateurs pour les \u00e9lections<\/a><\/h4>\n\t\t\t\t\t\t\t\t\t\t\t<div class=\"post-info\">&#36;1,350.00 <span><i class=\"icon fa fa-heart\"><\/i>Donation Raised<\/span><\/div>\n\t\t\t\t\t\t\t\t\t\t<\/div>\n\t\t\t\t\t\t\t\t\t<\/div>\n\t\t\t\t\t\t\t\t<\/div><\/div><div class=\"lower-text\"><\/div>\n\t\t<\/div>\n\t<\/section>\t\t\t\t<\/div>\n\t\t\t\t<\/div>\n\t\t\t\t\t<\/div>\n\t\t<\/div>\n\t\t\t\t\t<\/div>\n\t\t<\/section>\n\t\t\t\t<\/div>\n\t\t","protected":false},"excerpt":{"rendered":"<p>Collaboration avec des \u00e9quipes pluridisciplinaires Depuis plusieurs ann\u00e9es, je collabore activement avec des \u00e9quipes compos\u00e9es de personnalit\u00e9s publiques et politiques, d\u2019avocats, de m\u00e9decins, d\u2019enseignants, d\u2019\u00e9lus, d\u2019entrepreneurs et de b\u00e9n\u00e9voles. Gr\u00e2ce \u00e0 ces synergies et au soutien pr\u00e9cieux des institutions alg\u00e9riennes, nous avons men\u00e9 \u00e0 bien de nombreuses actions concr\u00e8tes dans [&hellip;]<\/p>\n","protected":false},"author":1,"featured_media":0,"parent":357,"menu_order":0,"comment_status":"closed","ping_status":"closed","template":"","meta":{"footnotes":""},"class_list":["post-2919","page","type-page","status-publish","hentry","campaign-has-goal","campaign-has-not-achieved-goal","campaign-has-end-date","campaign-has-ended"],"_links":{"self":[{"href":"https:\/\/naghmouche.com\/index.php?rest_route=\/wp\/v2\/pages\/2919","targetHints":{"allow":["GET"]}}],"collection":[{"href":"https:\/\/naghmouche.com\/index.php?rest_route=\/wp\/v2\/pages"}],"about":[{"href":"https:\/\/naghmouche.com\/index.php?rest_route=\/wp\/v2\/types\/page"}],"author":[{"embeddable":true,"href":"https:\/\/naghmouche.com\/index.php?rest_route=\/wp\/v2\/users\/1"}],"replies":[{"embeddable":true,"href":"https:\/\/naghmouche.com\/index.php?rest_route=%2Fwp%2Fv2%2Fcomments&post=2919"}],"version-history":[{"count":198,"href":"https:\/\/naghmouche.com\/index.php?rest_route=\/wp\/v2\/pages\/2919\/revisions"}],"predecessor-version":[{"id":4376,"href":"https:\/\/naghmouche.com\/index.php?rest_route=\/wp\/v2\/pages\/2919\/revisions\/4376"}],"up":[{"embeddable":true,"href":"https:\/\/naghmouche.com\/index.php?rest_route=\/wp\/v2\/pages\/357"}],"wp:attachment":[{"href":"https:\/\/naghmouche.com\/index.php?rest_route=%2Fwp%2Fv2%2Fmedia&parent=2919"}],"curies":[{"name":"wp","href":"https:\/\/api.w.org\/{rel}","templated":true}]}}