{"id":2917,"date":"2024-12-23T13:17:38","date_gmt":"2024-12-23T13:17:38","guid":{"rendered":"https:\/\/naghmouche.com\/?page_id=2917"},"modified":"2026-01-15T13:29:47","modified_gmt":"2026-01-15T13:29:47","slug":"biographie","status":"publish","type":"page","link":"https:\/\/naghmouche.com\/?page_id=2917","title":{"rendered":"Biographie"},"content":{"rendered":"\t\t<div data-elementor-type=\"wp-page\" data-elementor-id=\"2917\" class=\"elementor elementor-2917\">\n\t\t\t\t<div class=\"elementor-element elementor-element-07e79e5 e-grid e-con-boxed e-con e-parent\" data-id=\"07e79e5\" data-element_type=\"container\" data-e-type=\"container\">\n\t\t\t\t\t<div class=\"e-con-inner\">\n\t\t<div class=\"elementor-element elementor-element-19abf6f e-grid e-con-full e-con e-child\" data-id=\"19abf6f\" data-element_type=\"container\" data-e-type=\"container\">\n\t\t\t\t<div class=\"elementor-element elementor-element-44e338b elementor-widget elementor-widget-heading\" data-id=\"44e338b\" data-element_type=\"widget\" data-e-type=\"widget\" data-widget_type=\"heading.default\">\n\t\t\t\t<div class=\"elementor-widget-container\">\n\t\t\t\t\t<h2 class=\"elementor-heading-title elementor-size-default\">Bilan de mes Missions Officielles et Contributions \u00e0 la Soci\u00e9t\u00e9 Civile<\/h2>\t\t\t\t<\/div>\n\t\t\t\t<\/div>\n\t\t\t\t<\/div>\n\t\t\t\t\t<\/div>\n\t\t\t\t<\/div>\n\t\t<div class=\"elementor-element elementor-element-f5baf15 e-grid e-con-boxed e-con e-parent\" data-id=\"f5baf15\" data-element_type=\"container\" data-e-type=\"container\">\n\t\t\t\t\t<div class=\"e-con-inner\">\n\t\t\t\t<div class=\"elementor-element elementor-element-257cf59 elementor-widget elementor-widget-image\" data-id=\"257cf59\" data-element_type=\"widget\" data-e-type=\"widget\" data-widget_type=\"image.default\">\n\t\t\t\t<div class=\"elementor-widget-container\">\n\t\t\t\t\t\t\t\t\t\t\t\t<figure class=\"wp-caption\">\n\t\t\t\t\t\t\t\t\t\t<img fetchpriority=\"high\" decoding=\"async\" width=\"768\" height=\"512\" src=\"https:\/\/naghmouche.com\/wp-content\/uploads\/2023\/03\/490203803_1212916774167339_1961289929256029286_n-768x512.jpg\" class=\"attachment-medium_large size-medium_large wp-image-3845\" alt=\"\" srcset=\"https:\/\/naghmouche.com\/wp-content\/uploads\/2023\/03\/490203803_1212916774167339_1961289929256029286_n-768x512.jpg 768w, https:\/\/naghmouche.com\/wp-content\/uploads\/2023\/03\/490203803_1212916774167339_1961289929256029286_n-300x200.jpg 300w, https:\/\/naghmouche.com\/wp-content\/uploads\/2023\/03\/490203803_1212916774167339_1961289929256029286_n-1024x682.jpg 1024w, https:\/\/naghmouche.com\/wp-content\/uploads\/2023\/03\/490203803_1212916774167339_1961289929256029286_n-1536x1023.jpg 1536w, https:\/\/naghmouche.com\/wp-content\/uploads\/2023\/03\/490203803_1212916774167339_1961289929256029286_n.jpg 1600w\" sizes=\"(max-width: 768px) 100vw, 768px\" \/>\t\t\t\t\t\t\t\t\t\t\t<figcaption class=\"widget-image-caption wp-caption-text\"><\/figcaption>\n\t\t\t\t\t\t\t\t\t\t<\/figure>\n\t\t\t\t\t\t\t\t\t<\/div>\n\t\t\t\t<\/div>\n\t\t\t\t\t<\/div>\n\t\t\t\t<\/div>\n\t\t<div class=\"elementor-element elementor-element-befaa3a e-grid e-con-boxed e-con e-parent\" data-id=\"befaa3a\" data-element_type=\"container\" data-e-type=\"container\">\n\t\t\t\t\t<div class=\"e-con-inner\">\n\t\t<div class=\"elementor-element elementor-element-193204d e-grid e-con-full e-con e-child\" data-id=\"193204d\" data-element_type=\"container\" data-e-type=\"container\">\n\t\t\t\t<div class=\"elementor-element elementor-element-d4dee96 elementor-widget elementor-widget-html\" data-id=\"d4dee96\" data-element_type=\"widget\" data-e-type=\"widget\" data-widget_type=\"html.default\">\n\t\t\t\t<div class=\"elementor-widget-container\">\n\t\t\t\t\t<style>\r\n\/* Style de la liste non ordonn\u00e9e *\/\r\nul.force-list {\r\n  padding-left: 0;\r\n  margin: 10px 0 20px 0; \/* Ajout d'une marge en bas pour espacer la section *\/\r\n  font-family: \"Epilogue\", sans-serif !important;\r\n  font-size: 16px;\r\n  color: #000;\r\n  list-style: none; \/* Important: enl\u00e8ve la puce par d\u00e9faut du navigateur *\/\r\n}\r\n\r\n\/* Style de chaque \u00e9l\u00e9ment de la liste *\/\r\nul.force-list li {\r\n  position: relative;\r\n  padding-left: 20px;\r\n  margin-bottom: 8px;\r\n  display: block;\r\n  font-family: \"Epilogue\", sans-serif !important;\r\n  font-size: 16px;\r\n  color: #000;\r\n  text-align: justify; \/* Aligne le texte des \u00e9l\u00e9ments de la liste *\/\r\n}\r\n\r\n\/* Pseudo-\u00e9l\u00e9ment pour cr\u00e9er la puce personnalis\u00e9e *\/\r\nul.force-list li::before {\r\n  content: \"\u2022\"; \/* Le caract\u00e8re de puce *\/\r\n  position: absolute;\r\n  left: 0;\r\n  \/* Correction : top: 0; est remplac\u00e9 par un ajustement pour un meilleur alignement vertical *\/\r\n  top: -5px; \/* Ajuste la position verticale du point *\/\r\n  color: #000;\r\n  font-size: 30px; \/* Taille plus grande pour la puce *\/\r\n  line-height: 1;\r\n}\r\n\r\n\/* Correction du s\u00e9lecteur CSS mal form\u00e9 qui \u00e9tait dans votre code *\/\r\n.xt-align {\r\n  text-align: justify;\r\n}\r\n<\/style>\r\n\r\n<p style=\"font-size: 16px; color: #000;\" >\r\nDepuis plusieurs ann\u00e9es, je m\u2019engage activement aux c\u00f4t\u00e9s d\u2019\u00e9quipes pluridisciplinaires compos\u00e9es d\u2019avocats, de m\u00e9decins, d\u2019enseignants, d\u2019\u00e9lus, d\u2019entrepreneurs et de b\u00e9n\u00e9voles. Ensemble, et avec le pr\u00e9cieux soutien des institutions alg\u00e9riennes, nous avons men\u00e9 de nombreuses actions concr\u00e8tes dans des domaines vari\u00e9s.<br>\r\nJe pr\u00e9side l\u2019Organisation Solidarit\u00e9 Humanit\u00e9 Internationale (OSHI) en France qui a trait\u00e9 \u00e0 ce jour 2 256 dossiers d\u2019adh\u00e9rents issus de diff\u00e9rentes nationalit\u00e9s (France, Roumanie Alg\u00e9rie, Tunisie, Libye, Mali, Cameroun, S\u00e9n\u00e9gal et Inde\u2026) dans les domaines juridique, administratif, social et m\u00e9dical.<br>\r\nJe suis \u00e0 l\u2019initiative de plusieurs projets associatifs qui ont \u00e9volu\u00e9e en \u00abOrganisation Solidarit\u00e9 Humanit\u00e9 Internationale\u00bb (OSHI) :<br>\r\n<ul class=\"force-list\">\r\n  <li>Association du Jeune Libre pour la d\u00e9fense des \u00e9tudiants et des malades chroniques (2014)<\/li>\r\n\r\n  <li>Association Solidarit\u00e9 et Humanit\u00e9 France (2018), devenue l\u2019Organisation Solidarit\u00e9 Humanit\u00e9 Internationale en 2021<\/li>\r\n <li>Fondation Alg\u00e9rie de lutte contre le cancer, bas\u00e9e \u00e0 Alger (2019)<\/li><br>\r\nJ\u2019ai eu l\u2019honneur de b\u00e9n\u00e9ficier de la confiance de l'institution constitutionnelle Alg\u00e9rienne en tant que d\u00e9l\u00e9gu\u00e9 aux \u00e9lections lors de quatre op\u00e9rations \u00e9lectorales majeures :<br><br>\r\n <li>\u00c9lection pr\u00e9sidentielle de 2019\r\n <li>R\u00e9vision constitutionnelle de 2020\r\n <\/li><li>\u00c9lections l\u00e9gislatives de 2021<\/li>\r\n <li>\u00c9lection pr\u00e9sidentielle de 2024<\/li><br>\r\nMa participation \u00e0 l\u2019organisation et \u00e0 la supervision de ces processus \u00e9lectoraux m\u2019a permis d\u2019acqu\u00e9rir une expertise solide dans la gestion organisationnelle et d\u2019appr\u00e9cier pleinement le r\u00f4le essentiel de l\u2019ANIE dans la consolidation de la d\u00e9mocratie et de l\u2019int\u00e9grit\u00e9 des scrutins.<br>\r\nJ\u2019ai \u00e9galement fond\u00e9 deux structures :<br><br>\r\n<li>ADAN Internationale (2018), sp\u00e9cialis\u00e9e dans l\u2019accompagnement administratif et juridique<\/li>\r\n<li>CNA Consulting (2022), micro-entreprise que je dirige actuellement<\/li><br>\r\n<\/p>\r\n<p style=\"font-size: 16px; color: #000;\" >Titulaire d\u2019un master professionnel en droit international, relations diplomatiques et consulaires, j\u2019ai consacr\u00e9 mon m\u00e9moire aux \u00ab D\u00e9fis juridiques internationaux dans la lutte contre la cybercriminalit\u00e9 transfrontali\u00e8re \u00bb. Je poss\u00e8de \u00e9galement une licence professionnelle en audiovisuel num\u00e9rique, ce qui enrichit ma vision des enjeux contemporains.<br>\r\nMes exp\u00e9riences professionnelles, mes engagements associatifs et mon implication dans la soci\u00e9t\u00e9 civile traduisent mon attachement profond au service de la communaut\u00e9 et \u00e0 la promotion des valeurs de transparence, de d\u00e9mocratie et de solidarit\u00e9. Je demeure pleinement dispos\u00e9 \u00e0 mettre mon expertise, mon sens de l\u2019organisation et mon d\u00e9vouement au service de l\u2019Autorit\u00e9 Nationale afin de contribuer au renforcement de son r\u00f4le et de son efficacit\u00e9.<br>\r\nChazil Atmane Naghmouche\r\n<\/p>\t\t\t\t<\/div>\n\t\t\t\t<\/div>\n\t\t\t\t<\/div>\n\t\t\t\t\t<\/div>\n\t\t\t\t<\/div>\n\t\t<div class=\"elementor-element elementor-element-1ee6df9 e-flex e-con-boxed e-con e-parent\" data-id=\"1ee6df9\" data-element_type=\"container\" data-e-type=\"container\">\n\t\t\t\t\t<div class=\"e-con-inner\">\n\t\t<div class=\"elementor-element elementor-element-40607d3 e-con-full e-flex e-con e-child\" data-id=\"40607d3\" data-element_type=\"container\" data-e-type=\"container\">\n\t\t\t\t<div class=\"elementor-element elementor-element-a2cc6e4 elementor-widget elementor-widget-image-gallery\" data-id=\"a2cc6e4\" data-element_type=\"widget\" data-e-type=\"widget\" data-widget_type=\"image-gallery.default\">\n\t\t\t\t<div class=\"elementor-widget-container\">\n\t\t\t\t\t\t\t<div class=\"elementor-image-gallery\">\n\t\t\t\n\t\t<style type=\"text\/css\">\n\t\t\t#gallery-1 {\n\t\t\t\tmargin: auto;\n\t\t\t}\n\t\t\t#gallery-1 .gallery-item {\n\t\t\t\tfloat: left;\n\t\t\t\tmargin-top: 10px;\n\t\t\t\ttext-align: center;\n\t\t\t\twidth: 50%;\n\t\t\t}\n\t\t\t#gallery-1 img {\n\t\t\t\tborder: 2px solid #cfcfcf;\n\t\t\t}\n\t\t\t#gallery-1 .gallery-caption {\n\t\t\t\tmargin-left: 0;\n\t\t\t}\n\t\t\t\/* see gallery_shortcode() in wp-includes\/media.php *\/\n\t\t<\/style>\n\t\t<div id='gallery-1' class='gallery galleryid-2917 gallery-columns-2 gallery-size-medium'><dl class='gallery-item'>\n\t\t\t<dt class='gallery-icon landscape'>\n\t\t\t\t<a data-elementor-open-lightbox=\"yes\" data-elementor-lightbox-slideshow=\"a2cc6e4\" data-elementor-lightbox-title=\"62\" data-e-action-hash=\"#elementor-action%3Aaction%3Dlightbox%26settings%3DeyJpZCI6MzE1NSwidXJsIjoiaHR0cHM6XC9cL25hZ2htb3VjaGUuY29tXC93cC1jb250ZW50XC91cGxvYWRzXC8yMDI1XC8wMVwvNjIuanBnIiwic2xpZGVzaG93IjoiYTJjYzZlNCJ9\" href='https:\/\/naghmouche.com\/wp-content\/uploads\/2025\/01\/62.jpg'><img decoding=\"async\" width=\"300\" height=\"200\" src=\"https:\/\/naghmouche.com\/wp-content\/uploads\/2025\/01\/62-300x200.jpg\" class=\"attachment-medium size-medium\" alt=\"\" srcset=\"https:\/\/naghmouche.com\/wp-content\/uploads\/2025\/01\/62-300x200.jpg 300w, https:\/\/naghmouche.com\/wp-content\/uploads\/2025\/01\/62-768x512.jpg 768w, https:\/\/naghmouche.com\/wp-content\/uploads\/2025\/01\/62.jpg 960w\" sizes=\"(max-width: 300px) 100vw, 300px\" \/><\/a>\n\t\t\t<\/dt><\/dl><dl class='gallery-item'>\n\t\t\t<dt class='gallery-icon landscape'>\n\t\t\t\t<a data-elementor-open-lightbox=\"yes\" data-elementor-lightbox-slideshow=\"a2cc6e4\" data-elementor-lightbox-title=\"05\" data-e-action-hash=\"#elementor-action%3Aaction%3Dlightbox%26settings%3DeyJpZCI6MzE0OSwidXJsIjoiaHR0cHM6XC9cL25hZ2htb3VjaGUuY29tXC93cC1jb250ZW50XC91cGxvYWRzXC8yMDI1XC8wMVwvMDUuanBnIiwic2xpZGVzaG93IjoiYTJjYzZlNCJ9\" href='https:\/\/naghmouche.com\/wp-content\/uploads\/2025\/01\/05.jpg'><img decoding=\"async\" width=\"300\" height=\"200\" src=\"https:\/\/naghmouche.com\/wp-content\/uploads\/2025\/01\/05-300x200.jpg\" class=\"attachment-medium size-medium\" alt=\"\" srcset=\"https:\/\/naghmouche.com\/wp-content\/uploads\/2025\/01\/05-300x200.jpg 300w, https:\/\/naghmouche.com\/wp-content\/uploads\/2025\/01\/05-1024x683.jpg 1024w, https:\/\/naghmouche.com\/wp-content\/uploads\/2025\/01\/05-768x512.jpg 768w, https:\/\/naghmouche.com\/wp-content\/uploads\/2025\/01\/05.jpg 1080w\" sizes=\"(max-width: 300px) 100vw, 300px\" \/><\/a>\n\t\t\t<\/dt><\/dl><br style=\"clear: both\" \/><dl class='gallery-item'>\n\t\t\t<dt class='gallery-icon landscape'>\n\t\t\t\t<a data-elementor-open-lightbox=\"yes\" data-elementor-lightbox-slideshow=\"a2cc6e4\" data-elementor-lightbox-title=\"25\" data-e-action-hash=\"#elementor-action%3Aaction%3Dlightbox%26settings%3DeyJpZCI6MzEzOCwidXJsIjoiaHR0cHM6XC9cL25hZ2htb3VjaGUuY29tXC93cC1jb250ZW50XC91cGxvYWRzXC8yMDI0XC8wMVwvMjUuanBnIiwic2xpZGVzaG93IjoiYTJjYzZlNCJ9\" href='https:\/\/naghmouche.com\/wp-content\/uploads\/2024\/01\/25.jpg'><img loading=\"lazy\" decoding=\"async\" width=\"300\" height=\"200\" src=\"https:\/\/naghmouche.com\/wp-content\/uploads\/2024\/01\/25-300x200.jpg\" class=\"attachment-medium size-medium\" alt=\"\" srcset=\"https:\/\/naghmouche.com\/wp-content\/uploads\/2024\/01\/25-300x200.jpg 300w, https:\/\/naghmouche.com\/wp-content\/uploads\/2024\/01\/25-1024x683.jpg 1024w, https:\/\/naghmouche.com\/wp-content\/uploads\/2024\/01\/25-768x512.jpg 768w, https:\/\/naghmouche.com\/wp-content\/uploads\/2024\/01\/25.jpg 1080w\" sizes=\"(max-width: 300px) 100vw, 300px\" \/><\/a>\n\t\t\t<\/dt><\/dl><dl class='gallery-item'>\n\t\t\t<dt class='gallery-icon portrait'>\n\t\t\t\t<a data-elementor-open-lightbox=\"yes\" data-elementor-lightbox-slideshow=\"a2cc6e4\" data-elementor-lightbox-title=\"22\" data-e-action-hash=\"#elementor-action%3Aaction%3Dlightbox%26settings%3DeyJpZCI6MzEzNywidXJsIjoiaHR0cHM6XC9cL25hZ2htb3VjaGUuY29tXC93cC1jb250ZW50XC91cGxvYWRzXC8yMDI0XC8wMVwvMjIuanBnIiwic2xpZGVzaG93IjoiYTJjYzZlNCJ9\" href='https:\/\/naghmouche.com\/wp-content\/uploads\/2024\/01\/22.jpg'><img loading=\"lazy\" decoding=\"async\" width=\"300\" height=\"300\" src=\"https:\/\/naghmouche.com\/wp-content\/uploads\/2024\/01\/22-300x300.jpg\" class=\"attachment-medium size-medium\" alt=\"\" srcset=\"https:\/\/naghmouche.com\/wp-content\/uploads\/2024\/01\/22-300x300.jpg 300w, https:\/\/naghmouche.com\/wp-content\/uploads\/2024\/01\/22-150x150.jpg 150w, https:\/\/naghmouche.com\/wp-content\/uploads\/2024\/01\/22-768x770.jpg 768w, https:\/\/naghmouche.com\/wp-content\/uploads\/2024\/01\/22.jpg 958w\" sizes=\"(max-width: 300px) 100vw, 300px\" \/><\/a>\n\t\t\t<\/dt><\/dl><br style=\"clear: both\" \/><dl class='gallery-item'>\n\t\t\t<dt class='gallery-icon landscape'>\n\t\t\t\t<a data-elementor-open-lightbox=\"yes\" data-elementor-lightbox-slideshow=\"a2cc6e4\" data-elementor-lightbox-title=\"64\" data-e-action-hash=\"#elementor-action%3Aaction%3Dlightbox%26settings%3DeyJpZCI6MzA2NiwidXJsIjoiaHR0cHM6XC9cL25hZ2htb3VjaGUuY29tXC93cC1jb250ZW50XC91cGxvYWRzXC8yMDI1XC8wMVwvNjQuanBnIiwic2xpZGVzaG93IjoiYTJjYzZlNCJ9\" href='https:\/\/naghmouche.com\/wp-content\/uploads\/2025\/01\/64.jpg'><img loading=\"lazy\" decoding=\"async\" width=\"300\" height=\"200\" src=\"https:\/\/naghmouche.com\/wp-content\/uploads\/2025\/01\/64-300x200.jpg\" class=\"attachment-medium size-medium\" alt=\"\" srcset=\"https:\/\/naghmouche.com\/wp-content\/uploads\/2025\/01\/64-300x200.jpg 300w, https:\/\/naghmouche.com\/wp-content\/uploads\/2025\/01\/64-1024x683.jpg 1024w, https:\/\/naghmouche.com\/wp-content\/uploads\/2025\/01\/64-768x512.jpg 768w, https:\/\/naghmouche.com\/wp-content\/uploads\/2025\/01\/64.jpg 1080w\" sizes=\"(max-width: 300px) 100vw, 300px\" \/><\/a>\n\t\t\t<\/dt><\/dl><dl class='gallery-item'>\n\t\t\t<dt class='gallery-icon landscape'>\n\t\t\t\t<a data-elementor-open-lightbox=\"yes\" data-elementor-lightbox-slideshow=\"a2cc6e4\" data-elementor-lightbox-title=\"with flag 01\" data-e-action-hash=\"#elementor-action%3Aaction%3Dlightbox%26settings%3DeyJpZCI6MzAzNCwidXJsIjoiaHR0cHM6XC9cL25hZ2htb3VjaGUuY29tXC93cC1jb250ZW50XC91cGxvYWRzXC8yMDI1XC8wMVwvd2l0aC1mbGFnLTAxLnBuZyIsInNsaWRlc2hvdyI6ImEyY2M2ZTQifQ%3D%3D\" href='https:\/\/naghmouche.com\/wp-content\/uploads\/2025\/01\/with-flag-01.png'><img loading=\"lazy\" decoding=\"async\" width=\"300\" height=\"200\" src=\"https:\/\/naghmouche.com\/wp-content\/uploads\/2025\/01\/with-flag-01-300x200.png\" class=\"attachment-medium size-medium\" alt=\"\" srcset=\"https:\/\/naghmouche.com\/wp-content\/uploads\/2025\/01\/with-flag-01-300x200.png 300w, https:\/\/naghmouche.com\/wp-content\/uploads\/2025\/01\/with-flag-01-1024x683.png 1024w, https:\/\/naghmouche.com\/wp-content\/uploads\/2025\/01\/with-flag-01-768x512.png 768w, https:\/\/naghmouche.com\/wp-content\/uploads\/2025\/01\/with-flag-01-1536x1024.png 1536w, https:\/\/naghmouche.com\/wp-content\/uploads\/2025\/01\/with-flag-01-2048x1365.png 2048w\" sizes=\"(max-width: 300px) 100vw, 300px\" \/><\/a>\n\t\t\t<\/dt><\/dl><br style=\"clear: both\" \/>\n\t\t<\/div>\n\t\t<\/div>\n\t\t\t\t\t\t<\/div>\n\t\t\t\t<\/div>\n\t\t\t\t<\/div>\n\t\t\t\t\t<\/div>\n\t\t\t\t<\/div>\n\t\t\t\t<\/div>\n\t\t","protected":false},"excerpt":{"rendered":"<p>Bilan de mes Missions Officielles et Contributions \u00e0 la Soci\u00e9t\u00e9 Civile Depuis plusieurs ann\u00e9es, je m\u2019engage activement aux c\u00f4t\u00e9s d\u2019\u00e9quipes pluridisciplinaires compos\u00e9es d\u2019avocats, de m\u00e9decins, d\u2019enseignants, d\u2019\u00e9lus, d\u2019entrepreneurs et de b\u00e9n\u00e9voles. Ensemble, et avec le pr\u00e9cieux soutien des institutions alg\u00e9riennes, nous avons men\u00e9 de nombreuses actions concr\u00e8tes dans des domaines [&hellip;]<\/p>\n","protected":false},"author":1,"featured_media":0,"parent":357,"menu_order":0,"comment_status":"closed","ping_status":"closed","template":"","meta":{"footnotes":""},"class_list":["post-2917","page","type-page","status-publish","hentry"],"_links":{"self":[{"href":"https:\/\/naghmouche.com\/index.php?rest_route=\/wp\/v2\/pages\/2917","targetHints":{"allow":["GET"]}}],"collection":[{"href":"https:\/\/naghmouche.com\/index.php?rest_route=\/wp\/v2\/pages"}],"about":[{"href":"https:\/\/naghmouche.com\/index.php?rest_route=\/wp\/v2\/types\/page"}],"author":[{"embeddable":true,"href":"https:\/\/naghmouche.com\/index.php?rest_route=\/wp\/v2\/users\/1"}],"replies":[{"embeddable":true,"href":"https:\/\/naghmouche.com\/index.php?rest_route=%2Fwp%2Fv2%2Fcomments&post=2917"}],"version-history":[{"count":188,"href":"https:\/\/naghmouche.com\/index.php?rest_route=\/wp\/v2\/pages\/2917\/revisions"}],"predecessor-version":[{"id":4434,"href":"https:\/\/naghmouche.com\/index.php?rest_route=\/wp\/v2\/pages\/2917\/revisions\/4434"}],"up":[{"embeddable":true,"href":"https:\/\/naghmouche.com\/index.php?rest_route=\/wp\/v2\/pages\/357"}],"wp:attachment":[{"href":"https:\/\/naghmouche.com\/index.php?rest_route=%2Fwp%2Fv2%2Fmedia&parent=2917"}],"curies":[{"name":"wp","href":"https:\/\/api.w.org\/{rel}","templated":true}]}}